{"id":659,"date":"2018-04-13T09:48:41","date_gmt":"2018-04-13T08:48:41","guid":{"rendered":"https:\/\/portugal.ghcranes.com\/ponte-rolante-portugal\/?page_id=659"},"modified":"2018-07-09T09:12:52","modified_gmt":"2018-07-09T08:12:52","slug":"gh-portugal","status":"publish","type":"page","link":"https:\/\/portugal.ghcranes.com\/ponte-rolante-portugal\/","title":{"rendered":"GH Portugal"},"content":{"rendered":"<p>[et_pb_section bb_built=&#8221;1&#8243; fullwidth=&#8221;off&#8221; specialty=&#8221;off&#8221; transparent_background=&#8221;off&#8221; background_color=&#8221;#ffde01&#8243; allow_player_pause=&#8221;off&#8221; inner_shadow=&#8221;off&#8221; parallax=&#8221;off&#8221; parallax_method=&#8221;off&#8221; padding_mobile=&#8221;off&#8221; make_fullwidth=&#8221;off&#8221; use_custom_width=&#8221;off&#8221; width_unit=&#8221;on&#8221; make_equal=&#8221;off&#8221; use_custom_gutter=&#8221;off&#8221; custom_padding=&#8221;0px||0px|&#8221; custom_padding_last_edited=&#8221;off|desktop&#8221; custom_padding_tablet=&#8221;50px|0|50px|0&#8243; next_background_color=&#8221;#FFFFFF&#8221;][et_pb_row make_fullwidth=&#8221;off&#8221; use_custom_width=&#8221;off&#8221; width_unit=&#8221;on&#8221; use_custom_gutter=&#8221;off&#8221; padding_mobile=&#8221;off&#8221; allow_player_pause=&#8221;off&#8221; parallax=&#8221;off&#8221; parallax_method=&#8221;off&#8221; make_equal=&#8221;off&#8221; parallax_1=&#8221;off&#8221; parallax_method_1=&#8221;off&#8221; parallax_2=&#8221;off&#8221; parallax_method_2=&#8221;off&#8221; column_padding_mobile=&#8221;on&#8221; custom_padding=&#8221;5px||5px|&#8221; parallax_3=&#8221;off&#8221; parallax_method_3=&#8221;off&#8221; background_position=&#8221;top_left&#8221; background_repeat=&#8221;repeat&#8221; background_size=&#8221;initial&#8221;][et_pb_column type=&#8221;1_3&#8243;][et_pb_image admin_label=&#8221;Logo&#8221; src=&#8221;https:\/\/portugal.ghcranes.com\/ponte-rolante-portugal\/wp-content\/uploads\/2018\/04\/logo_GH-portugal.png&#8221; alt=&#8221;Logo GH Cranes &amp; Components&#8221; use_border_color=&#8221;off&#8221; custom_margin=&#8221;10px||10px|&#8221; url=&#8221;https:\/\/portugal.ghcranes.com\/ponte-rolante-portugal\/&#8221; _builder_version=&#8221;3.2.2&#8243; \/][\/et_pb_column][et_pb_column type=&#8221;2_3&#8243;][et_pb_text admin_label=&#8221;Titulo&#8221; use_border_color=&#8221;off&#8221; header_font_size=&#8221;24px&#8221; custom_margin=&#8221;8px|||&#8221; background_position=&#8221;top_left&#8221; background_repeat=&#8221;repeat&#8221; background_size=&#8221;initial&#8221; module_alignment=&#8221;left&#8221; _builder_version=&#8221;3.2.2&#8243; header_line_height=&#8221;2em&#8221;]<\/p>\n<h1 class=\"title entry-title\" style=\"text-align: right;\">\n<p>Ponte Rolante GH Portugal<\/p>\n<\/h1>\n<p>[\/et_pb_text][\/et_pb_column][\/et_pb_row][\/et_pb_section][et_pb_section bb_built=&#8221;1&#8243; fullwidth=&#8221;on&#8221; specialty=&#8221;off&#8221; prev_background_color=&#8221;#ffde01&#8243; next_background_color=&#8221;rgba(255,255,255,0)&#8221;][et_pb_fullwidth_image admin_label=&#8221;GH Gr\u00faas Portugal&#8221; _builder_version=&#8221;3.4.1&#8243; src=&#8221;https:\/\/portugal.ghcranes.com\/ponte-rolante-portugal\/wp-content\/uploads\/2018\/04\/gh-portugal-home.jpg&#8221; \/][\/et_pb_section][et_pb_section bb_built=&#8221;1&#8243; admin_label=&#8221;section&#8221; transparent_background=&#8221;on&#8221; background_color=&#8221;rgba(255,255,255,0)&#8221; allow_player_pause=&#8221;off&#8221; inner_shadow=&#8221;off&#8221; parallax=&#8221;off&#8221; parallax_method=&#8221;off&#8221; padding_mobile=&#8221;off&#8221; make_fullwidth=&#8221;off&#8221; use_custom_width=&#8221;off&#8221; width_unit=&#8221;on&#8221; make_equal=&#8221;off&#8221; use_custom_gutter=&#8221;off&#8221; custom_padding_tablet=&#8221;50px|0|50px|0&#8243; custom_padding_last_edited=&#8221;on|desktop&#8221; prev_background_color=&#8221;#FFFFFF&#8221; next_background_color=&#8221;#ffffff&#8221;][et_pb_row background_position=&#8221;top_left&#8221; background_repeat=&#8221;repeat&#8221; background_size=&#8221;initial&#8221; _builder_version=&#8221;3.0.106&#8243;][et_pb_column type=&#8221;4_4&#8243;][et_pb_text use_border_color=&#8221;off&#8221; background_position=&#8221;top_left&#8221; background_repeat=&#8221;repeat&#8221; background_size=&#8221;initial&#8221; module_alignment=&#8221;left&#8221; _builder_version=&#8221;3.4.1&#8243;]<\/p>\n<p>Principalmente as <strong>pontes rolantes da GH Portugal<\/strong>, filial direta da f\u00e1brica, s\u00e3o Pontes rolantes em pavilh\u00f5es interiores ou exteriores. Por isso, s\u00e3o pontes com um sistema de eleva\u00e7\u00e3o com <strong>diferenciais <\/strong>ou <strong>carro aberto<\/strong>.<\/p>\n<p>Destaca-se a vasta gama de capacidades entre os 500 Kg e os 400.000 Kg. Ao mesmo tempo, destacar que os grupos de trabalho v\u00e3o entre o M4 e M8. Por outro lado, todos os equipamentos s\u00e3o produzidos pela norma europeia e com todas as certifica\u00e7\u00f5es internacionais.<\/p>\n<p>As <strong>pontes rolantes da GH Portugal<\/strong> s\u00e3o de constru\u00e7\u00e3o robusta e com um alto n\u00edvel de standardiza\u00e7\u00e3o. Desta forma aproveita-se o m\u00e1ximo espa\u00e7o d\u00edspon\u00edvel e as cargas geradas s\u00e3o m\u00ednimas para uma maior poupan\u00e7a na estrutura. Destaca que s\u00e3o modulares e adapt\u00e1veis a qualquer necessidade. A combina\u00e7\u00e3o optimizada das estruturas das pontes rolantes com equipamentos mec\u00e1nicos de eleva\u00e7\u00e3o, dire\u00e7\u00e3o e transla\u00e7\u00e3o \u00e9 mais que relevante.<\/p>\n<p>Mais que not\u00e1vel a estrutura da viga caix\u00e3o ou perfil, optimizada mediante procesos de c\u00e1lculo inform\u00e1tico. Pela qual, os nossos desenhos oferecem a melhor op\u00e7\u00e3o t\u00e9cnico-mec\u00e2nica com a melhor rela\u00e7\u00e3o qualidade-pre\u00e7o.<\/p>\n<p>Vale ressaltar que os mecanismos utilizados nas nossas pontes rolantes formam parte indivisiv\u00e9l das mesmas. Chegam para cobrir a gama de diferenci\u00e1is de corrente de 500 Kg at\u00e9 diferenci\u00e1is de cabo at\u00e9 100 Ton.<\/p>\n<h4>Setores e clientes pontes rolantes GH Portugal<\/h4>\n<p>As pontes rolantes est\u00e3o instaladas em setores tais como: <strong>estaleiros, portos, fabrico de estruturas met\u00e1licas, distribui\u00e7\u00e3o de ferro, fundi\u00e7\u00e3o e sider\u00fargia. Al\u00e9m do setor energ\u00e9tico como hidroel\u00e9trico, setor petrol\u00edfero e e\u00f3lico. Sem esquecer outros setores como o n\u00e1utico, obras p\u00fablicas, aeron\u00e1utica, papel, pr\u00e9-fabricados e industria em geral.<\/strong><\/p>\n<p>Isto faz que clientes como: GESTAMP AVEIRO &#8211; Ind. de Acess\u00f3rios de Autom\u00f3veis, S.A, RSTEEL &#8211; F\u00e1brica de Tubos Met\u00e1licos, S.A., Ramada A\u00e7os, S.A., O FELIZ &#8211; Metalomec\u00e2nica, S.A., J. R. RIBEIRO MOLDES, LDA, GNT &#8211; Granitos do Norte, Lda, PRIFER &#8211; Ind\u00fastria de Moldes, Lda, FUNDIF\u00c1S &#8211; Ferragens e Fundi\u00e7\u00e3o Injectada, Lda., EPALFER &#8211; Serralharia de Moldes, Cunhos e Cortantes Lda, MOTRINDE &#8211; Montagens T\u00e9cnicas e Rep. Industriais, S.A., FILSTONE &#8211; Com\u00e9rcio de Rochas, S.A. &#8230; tenham confiado nas <strong>pontes rolantes da GH Portugal<\/strong>.<\/p>\n<p>Para ver mais informa\u00e7\u00e3o sobre as pontes rolantes GH, aceda \u00e0 <a style=\"color: #666;\" href=\"https:\/\/www.ghcranes.com\/\">Web da sede<\/a>.<\/p>\n<p>[\/et_pb_text][\/et_pb_column][\/et_pb_row][et_pb_row background_position=&#8221;top_left&#8221; background_repeat=&#8221;repeat&#8221; background_size=&#8221;initial&#8221;][et_pb_column type=&#8221;4_4&#8243;][et_pb_divider color=&#8221;#ffde01&#8243; show_divider=&#8221;on&#8221; divider_style=&#8221;solid&#8221; divider_position=&#8221;top&#8221; hide_on_mobile=&#8221;on&#8221; disabled_on=&#8221;on|on|off&#8221; \/][\/et_pb_column][\/et_pb_row][et_pb_row background_position=&#8221;top_left&#8221; background_repeat=&#8221;repeat&#8221; background_size=&#8221;initial&#8221;][et_pb_column type=&#8221;4_4&#8243;][et_pb_text _builder_version=&#8221;3.2.2&#8243;]<\/p>\n<p style=\"text-align: center; font-size: 250%\">A NOSSA GAMA <span style=\"color: #fcbf00;\">DE PRODUTOS<\/span><\/p>\n<p>[\/et_pb_text][\/et_pb_column][\/et_pb_row][et_pb_row background_position=&#8221;top_left&#8221; background_repeat=&#8221;repeat&#8221; background_size=&#8221;initial&#8221;][et_pb_column type=&#8221;1_3&#8243;][et_pb_image admin_label=&#8221;Puente gr\u00faa&#8221; _builder_version=&#8221;3.4.1&#8243; src=&#8221;https:\/\/portugal.ghcranes.com\/ponte-rolante-portugal\/wp-content\/uploads\/2018\/04\/ghportugal-ponte-rolantes-icono.png&#8221; alt=&#8221;GH Portugal \u2013 Pontes Rolantes&#8221; \/][\/et_pb_column][et_pb_column type=&#8221;2_3&#8243;][et_pb_text _builder_version=&#8221;3.4.1&#8243;]<\/p>\n<h2 style=\"text-align: left;\">Pontes Rolantes GH Portugal \u2013 Pontes Rolantes<\/h2>\n<p>As pontes rolantes da GH s\u00e3o equipamentos com um sistema de eleva\u00e7\u00e3o composto por diferenciais ou carro aberto.<\/p>\n<p>A combina\u00e7\u00e3o optimizada das estruturas das pontes rolantes com os equipamentos mec\u00e1nicos de eleva\u00e7\u00e3o, dire\u00e7\u00e3o e transla\u00e7\u00e3o permitem varios alcances e aproveitamento m\u00e1ximo de espa\u00e7os.<\/p>\n<p>[\/et_pb_text][et_pb_text _builder_version=&#8221;3.2.2&#8243; text_orientation=&#8221;right&#8221;]<\/p>\n<p><a class=\"et_pb_bg_layout_light et_pb_module et_pb_button boton_negro\" href=\"https:\/\/portugal.ghcranes.com\/pedido-de-proposta\/\" onclick=\"return gtag_report_conversion('https:\/\/portugal.ghcranes.com\/pedido-de-proposta\/')\">Pedido de proposta<\/a><\/p>\n<p>[\/et_pb_text][\/et_pb_column][\/et_pb_row][et_pb_row background_position=&#8221;top_left&#8221; background_repeat=&#8221;repeat&#8221; background_size=&#8221;initial&#8221;][et_pb_column type=&#8221;1_3&#8243;][et_pb_image admin_label=&#8221;Polipastos&#8221; _builder_version=&#8221;3.4.1&#8243; src=&#8221;https:\/\/portugal.ghcranes.com\/ponte-rolante-portugal\/wp-content\/uploads\/2018\/04\/ghportugal-diferenciais-icono.png&#8221; alt=&#8221;GH Portugal \u2013 Diferenciais&#8221; \/][\/et_pb_column][et_pb_column type=&#8221;2_3&#8243;][et_pb_text _builder_version=&#8221;3.2.2&#8243;]<\/p>\n<h2 style=\"text-align: left;\">Pontes Rolantes GH Portugal &#8211; Diferenciais<\/h2>\n<p>A nova gama de diferenciais da GH foram desenhados tomando como principio a fiabilidade, seguran\u00e7a, durabilidade, pre\u00e7o e por \u00faltimo a f\u00e1cil manuten\u00e7\u00e3o.<\/p>\n<p>Ao mesmo tempo, a disposi\u00e7\u00e3o funcional dos diferentes elementos standarizados \u00e9 de constru\u00e7\u00e3o modular. Portanto, \u00e9 not\u00e1vel a intercambialidade dos grupos.<\/p>\n<p>[\/et_pb_text][et_pb_text _builder_version=&#8221;3.2.2&#8243; text_orientation=&#8221;right&#8221;]<\/p>\n<p><a class=\"et_pb_bg_layout_light et_pb_module et_pb_button boton_negro\" href=\"https:\/\/portugal.ghcranes.com\/pedido-de-proposta\/\" onclick=\"return gtag_report_conversion('https:\/\/portugal.ghcranes.com\/pedido-de-proposta\/')\">Pedido de proposta<\/a><\/p>\n<p>[\/et_pb_text][\/et_pb_column][\/et_pb_row][et_pb_row background_position=&#8221;top_left&#8221; background_repeat=&#8221;repeat&#8221; background_size=&#8221;initial&#8221;][et_pb_column type=&#8221;1_3&#8243;][et_pb_image admin_label=&#8221;P\u00f3rticos&#8221; _builder_version=&#8221;3.4.1&#8243; src=&#8221;https:\/\/portugal.ghcranes.com\/ponte-rolante-portugal\/wp-content\/uploads\/2018\/04\/ghportugal-porticos-icono.png&#8221; alt=&#8221;GH Portugal \u2013 P\u00f3rticos&#8221; \/][\/et_pb_column][et_pb_column type=&#8221;2_3&#8243;][et_pb_text _builder_version=&#8221;3.2.2&#8243;]<\/p>\n<h2 style=\"text-align: left;\">Pontes Rolantes GH Portugal &#8211; P\u00f3rticos<\/h2>\n<p>GH Portugal adapta o fabrico dos seus p\u00f3rticos \u00e0s necesidades e situa\u00e7\u00f5es de cada cliente.<\/p>\n<p>Ressalvar que os p\u00f3rticos s\u00e3o altamente eficientes para trabalhos em plataformas exteriores, altas velocidades e capacidades.<\/p>\n<p>[\/et_pb_text][et_pb_text _builder_version=&#8221;3.2.2&#8243; text_orientation=&#8221;right&#8221;]<\/p>\n<p><a class=\"et_pb_bg_layout_light et_pb_module et_pb_button boton_negro\" href=\"https:\/\/portugal.ghcranes.com\/pedido-de-proposta\/\" onclick=\"return gtag_report_conversion('https:\/\/portugal.ghcranes.com\/pedido-de-proposta\/')\">Pedido de proposta<\/a><\/p>\n<p>[\/et_pb_text][\/et_pb_column][\/et_pb_row][et_pb_row background_position=&#8221;top_left&#8221; background_repeat=&#8221;repeat&#8221; background_size=&#8221;initial&#8221;][et_pb_column type=&#8221;1_3&#8243;][et_pb_image admin_label=&#8221;P\u00f3rticos automotor&#8221; _builder_version=&#8221;3.4.1&#8243; src=&#8221;https:\/\/portugal.ghcranes.com\/ponte-rolante-portugal\/wp-content\/uploads\/2018\/04\/ghportugal-porticos-automotor-icono.png&#8221; alt=&#8221;GH Portugal \u2013 P\u00f3rticos Automotor&#8221; \/][\/et_pb_column][et_pb_column type=&#8221;2_3&#8243;][et_pb_text _builder_version=&#8221;3.2.2&#8243;]<\/p>\n<h2 style=\"text-align: left;\">Pontes Rolantes GH Portugal \u2013 P\u00f3rticos Automotor<\/h2>\n<p>Os p\u00f3rticos automotores permitem o movimento de cargas em todo o tipo de ind\u00fastrias e aplica\u00e7\u00f5es, de forma aut\u00f3noma.<\/p>\n<p>Na GH Portugal dispomos de uma ampla gama de p\u00f3rticos automotores, que v\u00e3o desde as 20 Ton. at\u00e9 440 Ton.<\/p>\n<p>Caracterizam-se pelas sua robustez, facilidade de uso, f\u00e1cil Manuten\u00e7\u00e3o e monobralidade. Gra\u00e7as a isto s\u00e3o muito \u00fateis para a industria de pr\u00e9-fabricados, armaz\u00e9ns de log\u00edstica exterior, \u00e9olico, metalomec\u00e2nica pesada, gruas para contentores, RTG, etc.<\/p>\n<p>Construidas especialmente para o setor mar\u00edtimo, para trabalhos de Manuten\u00e7\u00e3o ou Repara\u00e7\u00e3o de barcos e iates, s\u00e3o resistentes a ambientes altamente corrosivos.<\/p>\n<p>[\/et_pb_text][et_pb_text _builder_version=&#8221;3.2.2&#8243; text_orientation=&#8221;right&#8221;]<\/p>\n<p><a class=\"et_pb_bg_layout_light et_pb_module et_pb_button boton_negro\" href=\"https:\/\/portugal.ghcranes.com\/pedido-de-proposta\/\" onclick=\"return gtag_report_conversion('https:\/\/portugal.ghcranes.com\/pedido-de-proposta\/')\">Pedido de proposta<\/a><\/p>\n<p>[\/et_pb_text][\/et_pb_column][\/et_pb_row][et_pb_row background_position=&#8221;top_left&#8221; background_repeat=&#8221;repeat&#8221; background_size=&#8221;initial&#8221;][et_pb_column type=&#8221;1_3&#8243;][et_pb_image admin_label=&#8221;Plumas&#8221; _builder_version=&#8221;3.4.1&#8243; src=&#8221;https:\/\/portugal.ghcranes.com\/ponte-rolante-portugal\/wp-content\/uploads\/2018\/04\/ghportugal-gruas-de-marina-icono.png&#8221; alt=&#8221;GH Portugal \u2013 Gruas de parede&#8221; \/][\/et_pb_column][et_pb_column type=&#8221;2_3&#8243;][et_pb_text _builder_version=&#8221;3.2.2&#8243;]<\/p>\n<h2 style=\"text-align: left;\">Pontes Rolantes GH Portugal \u2013 Gruas de parede<\/h2>\n<p>As gruas de parede da GH Portugal podem ter diferenciais de corrente ou de cabo. Sempre tendo em considera\u00e7\u00e3o a altura reduzida ou suspensa.<\/p>\n<p>A destacar a sua grande precis\u00e3o de movimento em manual ou motorizado.<\/p>\n<p>Desde 500 Kg at\u00e9 20 Ton. s\u00e3o a solu\u00e7\u00e3o ideal para o movimento de cargas numa zona circular ao posto de trabalho.<\/p>\n<p>[\/et_pb_text][et_pb_text _builder_version=&#8221;3.2.2&#8243; text_orientation=&#8221;right&#8221;]<\/p>\n<p><a class=\"et_pb_bg_layout_light et_pb_module et_pb_button boton_negro\" href=\"https:\/\/portugal.ghcranes.com\/pedido-de-proposta\/\" onclick=\"return gtag_report_conversion('https:\/\/portugal.ghcranes.com\/pedido-de-proposta\/')\">Pedido de proposta<\/a><\/p>\n<p>[\/et_pb_text][\/et_pb_column][\/et_pb_row][et_pb_row background_position=&#8221;top_left&#8221; background_repeat=&#8221;repeat&#8221; background_size=&#8221;initial&#8221;][et_pb_column type=&#8221;4_4&#8243;][et_pb_divider color=&#8221;#ffde01&#8243; show_divider=&#8221;on&#8221; disabled_on=&#8221;on|on|off&#8221; _builder_version=&#8221;3.0.106&#8243; height=&#8221;1px&#8221; \/][\/et_pb_column][\/et_pb_row][et_pb_row background_position=&#8221;top_left&#8221; background_repeat=&#8221;repeat&#8221; background_size=&#8221;initial&#8221;][et_pb_column type=&#8221;4_4&#8243;][et_pb_text use_border_color=&#8221;off&#8221; background_position=&#8221;top_left&#8221; background_repeat=&#8221;repeat&#8221; background_size=&#8221;initial&#8221; module_alignment=&#8221;left&#8221; _builder_version=&#8221;3.2.2&#8243;]<\/p>\n<p><strong>De assinalar que as 112.000 pontes rolantes atestam \u00e0 experi\u00eancia da GH na solu\u00e7\u00e3o para manipula\u00e7\u00e3o de materiais.<\/strong><\/p>\n<p><strong>GH<\/strong> Portugal como grupo empresarial dedica-se ao f\u00e1brico integral de pontes rolantes. Empresa fabricante pricipalmente de diferenciais, pontes rolantes e componentes para pontes rolantes. Na sua gama de produtos podemos encontrar outros produtos como p\u00f3rticos, p\u00f3rticos automotores, gruas de marina, carrretons, etc.<\/p>\n<p>GH Cranes est\u00e1 instalada em <strong>mais de 70 pa\u00edses<\/strong> atrav\u00e9s de delega\u00e7\u00f5es comerciais. A ampla gama de produtos instalados oferecem solu\u00e7\u00f5es em praticamente todos os setores.<\/p>\n<p>A nossa experi\u00eancia e reconhecimento dos nossos clientes situam a GH entre os principa\u00eds fabricantes no setor de eleva\u00e7\u00e3o.<\/p>\n<p>[\/et_pb_text][\/et_pb_column][\/et_pb_row][\/et_pb_section][et_pb_section bb_built=&#8221;1&#8243; fullwidth=&#8221;off&#8221; specialty=&#8221;off&#8221; prev_background_color=&#8221;rgba(255,255,255,0)&#8221; _builder_version=&#8221;3.0.106&#8243; background_color=&#8221;#ffffff&#8221; background_image=&#8221;https:\/\/portugal.ghcranes.com\/ponte-rolante-portugal\/wp-content\/uploads\/2018\/04\/pie.png&#8221; custom_padding=&#8221;0px|||&#8221;][et_pb_row _builder_version=&#8221;3.0.106&#8243; custom_padding=&#8221;0px|||&#8221;][et_pb_column type=&#8221;1_2&#8243;][et_pb_text _builder_version=&#8221;3.2.2&#8243;]<\/p>\n<p><img loading=\"lazy\" class=\"alignright wp-image-87\" style=\"margin-right: -5%;\" src=\"https:\/\/portugal.ghcranes.com\/ponte-rolante-portugal\/wp-content\/uploads\/2016\/08\/logo_GH-300x129.png\" alt=\"Logo GH Cranes &amp; Components - Gr\u00faas GH Portugal\" width=\"114\" height=\"49\" srcset=\"https:\/\/portugal.ghcranes.com\/ponte-rolante-portugal\/wp-content\/uploads\/2016\/08\/logo_GH-300x129.png 300w, https:\/\/portugal.ghcranes.com\/ponte-rolante-portugal\/wp-content\/uploads\/2016\/08\/logo_GH.png 600w\" sizes=\"(max-width: 114px) 100vw, 114px\" \/><\/p>\n<p>[\/et_pb_text][\/et_pb_column][et_pb_column type=&#8221;1_2&#8243;][et_pb_text _builder_version=&#8221;3.2.2&#8243;]<\/p>\n<p style=\"font-size: 90%; line-height: 20px; margin-top: -5px;\"><strong>GH PORTUGAL<\/strong><br \/>\nZona Industrial do Soeiro, Lote 9 &#8211; 4745-399 S. Mamede Coronado (PORTUGAL)<br \/>\nT: +351 229 821 688 &#8211; F: +351 229 821 687 &#8211; mail: <span style=\"color: #808080;\"><a style=\"color: #666;\" href=\"mailto:geral@ghsa.com\">geral@ghsa.com<\/a><\/span><\/p>\n<p>[\/et_pb_text][\/et_pb_column][\/et_pb_row][\/et_pb_section]<\/p>\n","protected":false},"excerpt":{"rendered":"<p>[et_pb_section bb_built=&#8221;1&#8243; fullwidth=&#8221;off&#8221; specialty=&#8221;off&#8221; transparent_background=&#8221;off&#8221; background_color=&#8221;#ffde01&#8243; allow_player_pause=&#8221;off&#8221; inner_shadow=&#8221;off&#8221; parallax=&#8221;off&#8221; parallax_method=&#8221;off&#8221; padding_mobile=&#8221;off&#8221; make_fullwidth=&#8221;off&#8221; use_custom_width=&#8221;off&#8221; width_unit=&#8221;on&#8221; make_equal=&#8221;off&#8221; use_custom_gutter=&#8221;off&#8221; custom_padding=&#8221;0px||0px|&#8221; custom_padding_last_edited=&#8221;off|desktop&#8221; custom_padding_tablet=&#8221;50px|0|50px|0&#8243; next_background_color=&#8221;#FFFFFF&#8221;][et_pb_row make_fullwidth=&#8221;off&#8221; use_custom_width=&#8221;off&#8221; width_unit=&#8221;on&#8221; use_custom_gutter=&#8221;off&#8221; padding_mobile=&#8221;off&#8221; allow_player_pause=&#8221;off&#8221; parallax=&#8221;off&#8221; parallax_method=&#8221;off&#8221; make_equal=&#8221;off&#8221; parallax_1=&#8221;off&#8221; parallax_method_1=&#8221;off&#8221; parallax_2=&#8221;off&#8221; parallax_method_2=&#8221;off&#8221; column_padding_mobile=&#8221;on&#8221; custom_padding=&#8221;5px||5px|&#8221; parallax_3=&#8221;off&#8221; parallax_method_3=&#8221;off&#8221; background_position=&#8221;top_left&#8221; background_repeat=&#8221;repeat&#8221; background_size=&#8221;initial&#8221;][et_pb_column type=&#8221;1_3&#8243;][et_pb_image admin_label=&#8221;Logo&#8221; src=&#8221;https:\/\/portugal.ghcranes.com\/ponte-rolante-portugal\/wp-content\/uploads\/2018\/04\/logo_GH-portugal.png&#8221; alt=&#8221;Logo GH Cranes &amp; Components&#8221; use_border_color=&#8221;off&#8221; custom_margin=&#8221;10px||10px|&#8221; url=&#8221;https:\/\/portugal.ghcranes.com\/ponte-rolante-portugal\/&#8221; _builder_version=&#8221;3.2.2&#8243; \/][\/et_pb_column][et_pb_column type=&#8221;2_3&#8243;][et_pb_text admin_label=&#8221;Titulo&#8221; [&hellip;]<\/p>\n","protected":false},"author":1,"featured_media":0,"parent":0,"menu_order":0,"comment_status":"closed","ping_status":"closed","template":"","meta":{"_et_pb_use_builder":"on","_et_pb_old_content":"","_et_gb_content_width":"","_monsterinsights_skip_tracking":false,"_monsterinsights_sitenote_active":false,"_monsterinsights_sitenote_note":"","_monsterinsights_sitenote_category":0},"yoast_head":"<!-- This site is optimized with the Yoast SEO plugin v15.6.2 - https:\/\/yoast.com\/wordpress\/plugins\/seo\/ -->\n<title>GH GRUAS Y COMPONENTES - PONTES ROLANTES GH PORTUGAL<\/title>\n<meta name=\"description\" content=\"A GH Portugal lan\u00e7a uma grua para qualquer solu\u00e7\u00e3o em eleva\u00e7\u00e3o de carga na ind\u00fastria. 60 anos de experi\u00eancia na fabrica\u00e7\u00e3o de pontes rolantes para todos os tipos de setores industriais. Ponte rolante monoviga, ponte rolante biviga, ponte rolante suspensa, ponte em consola.\" \/>\n<meta name=\"robots\" content=\"index, follow, max-snippet:-1, max-image-preview:large, max-video-preview:-1\" \/>\n<link rel=\"canonical\" href=\"https:\/\/portugal.ghcranes.com\/ponte-rolante-portugal\/\" \/>\n<meta property=\"og:locale\" content=\"es_ES\" \/>\n<meta property=\"og:type\" content=\"article\" \/>\n<meta property=\"og:title\" content=\"GH GRUAS Y COMPONENTES - PONTES ROLANTES GH PORTUGAL\" \/>\n<meta property=\"og:description\" content=\"A GH Portugal lan\u00e7a uma grua para qualquer solu\u00e7\u00e3o em eleva\u00e7\u00e3o de carga na ind\u00fastria. 60 anos de experi\u00eancia na fabrica\u00e7\u00e3o de pontes rolantes para todos os tipos de setores industriais. Ponte rolante monoviga, ponte rolante biviga, ponte rolante suspensa, ponte em consola.\" \/>\n<meta property=\"og:url\" content=\"https:\/\/portugal.ghcranes.com\/ponte-rolante-portugal\/\" \/>\n<meta property=\"og:site_name\" content=\"Ponte Rolante Portugal\" \/>\n<meta property=\"article:modified_time\" content=\"2018-07-09T08:12:52+00:00\" \/>\n<meta property=\"og:image\" content=\"https:\/\/portugal.ghcranes.com\/ponte-rolante-portugal\/wp-content\/uploads\/2016\/08\/logo_GH-300x129.png\" \/>\n<meta name=\"twitter:card\" content=\"summary_large_image\" \/>\n<meta name=\"twitter:label1\" content=\"Tiempo de lectura\">\n\t<meta name=\"twitter:data1\" content=\"10 minutos\">\n<script type=\"application\/ld+json\" class=\"yoast-schema-graph\">{\"@context\":\"https:\/\/schema.org\",\"@graph\":[{\"@type\":\"WebSite\",\"@id\":\"https:\/\/portugal.ghcranes.com\/ponte-rolante-portugal\/#website\",\"url\":\"https:\/\/portugal.ghcranes.com\/ponte-rolante-portugal\/\",\"name\":\"Ponte Rolante Portugal\",\"description\":\"GH fabricante de gr\\u00faas y polipastos\",\"potentialAction\":[{\"@type\":\"SearchAction\",\"target\":\"https:\/\/portugal.ghcranes.com\/ponte-rolante-portugal\/?s={search_term_string}\",\"query-input\":\"required name=search_term_string\"}],\"inLanguage\":\"es\"},{\"@type\":\"ImageObject\",\"@id\":\"https:\/\/portugal.ghcranes.com\/ponte-rolante-portugal\/#primaryimage\",\"inLanguage\":\"es\",\"url\":\"https:\/\/portugal.ghcranes.com\/ponte-rolante-portugal\/wp-content\/uploads\/2016\/08\/logo_GH.png\",\"width\":600,\"height\":257,\"caption\":\"Logo GH Cranes & Components\"},{\"@type\":\"WebPage\",\"@id\":\"https:\/\/portugal.ghcranes.com\/ponte-rolante-portugal\/#webpage\",\"url\":\"https:\/\/portugal.ghcranes.com\/ponte-rolante-portugal\/\",\"name\":\"GH GRUAS Y COMPONENTES - PONTES ROLANTES GH PORTUGAL\",\"isPartOf\":{\"@id\":\"https:\/\/portugal.ghcranes.com\/ponte-rolante-portugal\/#website\"},\"primaryImageOfPage\":{\"@id\":\"https:\/\/portugal.ghcranes.com\/ponte-rolante-portugal\/#primaryimage\"},\"datePublished\":\"2018-04-13T08:48:41+00:00\",\"dateModified\":\"2018-07-09T08:12:52+00:00\",\"description\":\"A GH Portugal lan\\u00e7a uma grua para qualquer solu\\u00e7\\u00e3o em eleva\\u00e7\\u00e3o de carga na ind\\u00fastria. 60 anos de experi\\u00eancia na fabrica\\u00e7\\u00e3o de pontes rolantes para todos os tipos de setores industriais. Ponte rolante monoviga, ponte rolante biviga, ponte rolante suspensa, ponte em consola.\",\"inLanguage\":\"es\",\"potentialAction\":[{\"@type\":\"ReadAction\",\"target\":[\"https:\/\/portugal.ghcranes.com\/ponte-rolante-portugal\/\"]}]}]}<\/script>\n<!-- \/ Yoast SEO plugin. -->","_links":{"self":[{"href":"https:\/\/portugal.ghcranes.com\/ponte-rolante-portugal\/wp-json\/wp\/v2\/pages\/659"}],"collection":[{"href":"https:\/\/portugal.ghcranes.com\/ponte-rolante-portugal\/wp-json\/wp\/v2\/pages"}],"about":[{"href":"https:\/\/portugal.ghcranes.com\/ponte-rolante-portugal\/wp-json\/wp\/v2\/types\/page"}],"author":[{"embeddable":true,"href":"https:\/\/portugal.ghcranes.com\/ponte-rolante-portugal\/wp-json\/wp\/v2\/users\/1"}],"replies":[{"embeddable":true,"href":"https:\/\/portugal.ghcranes.com\/ponte-rolante-portugal\/wp-json\/wp\/v2\/comments?post=659"}],"version-history":[{"count":45,"href":"https:\/\/portugal.ghcranes.com\/ponte-rolante-portugal\/wp-json\/wp\/v2\/pages\/659\/revisions"}],"predecessor-version":[{"id":704,"href":"https:\/\/portugal.ghcranes.com\/ponte-rolante-portugal\/wp-json\/wp\/v2\/pages\/659\/revisions\/704"}],"wp:attachment":[{"href":"https:\/\/portugal.ghcranes.com\/ponte-rolante-portugal\/wp-json\/wp\/v2\/media?parent=659"}],"curies":[{"name":"wp","href":"https:\/\/api.w.org\/{rel}","templated":true}]}}